[INFO] cloning repository https://github.com/mheistermann/lightfield_render
[INFO] running `Command { std: "git" "-c" "credential.helper=" "-c" "credential.helper=/workspace/cargo-home/bin/git-credential-null" "clone" "--bare" "https://github.com/mheistermann/lightfield_render" "/workspace/cache/git-repos/https%3A%2F%2Fgithub.com%2Fmheistermann%2Flightfield_render", kill_on_drop: false }`
[INFO] [stderr] Cloning into bare repository '/workspace/cache/git-repos/https%3A%2F%2Fgithub.com%2Fmheistermann%2Flightfield_render'...
[INFO] running `Command { std: "git" "rev-parse" "HEAD", kill_on_drop: false }`
[INFO] [stdout] 84f0e915088b74e8058d3bc28fce312a220dd181
[INFO] checking mheistermann/lightfield_render against try#72f88fc4e9458f89516a0b8b0868f3718aec5b47 for pr-74989
[INFO] running `Command { std: "git" "clone" "/workspace/cache/git-repos/https%3A%2F%2Fgithub.com%2Fmheistermann%2Flightfield_render" "/workspace/builds/worker-4/source", kill_on_drop: false }`
[INFO] [stderr] Cloning into '/workspace/builds/worker-4/source'...
[INFO] [stderr] done.
[INFO] validating manifest of git repo https://github.com/mheistermann/lightfield_render on toolchain 72f88fc4e9458f89516a0b8b0868f3718aec5b47
[INFO] running `Command { std: "/workspace/cargo-home/bin/cargo" "+72f88fc4e9458f89516a0b8b0868f3718aec5b47" "read-manifest" "--manifest-path" "Cargo.toml", kill_on_drop: false }`
[INFO] started tweaking git repo https://github.com/mheistermann/lightfield_render
[INFO] finished tweaking git repo https://github.com/mheistermann/lightfield_render
[INFO] tweaked toml for git repo https://github.com/mheistermann/lightfield_render written to /workspace/builds/worker-4/source/Cargo.toml
[INFO] crate git repo https://github.com/mheistermann/lightfield_render already has a lockfile, it will not be regenerated
[INFO] running `Command { std: "/workspace/cargo-home/bin/cargo" "+72f88fc4e9458f89516a0b8b0868f3718aec5b47" "fetch" "--locked" "--manifest-path" "Cargo.toml", kill_on_drop: false }`
[INFO] [stderr]     Updating git repository `https://github.com/mheistermann/glium`
[INFO] [stderr] error: the lock file /workspace/builds/worker-4/source/Cargo.lock needs to be updated but --locked was passed to prevent this
[INFO] [stderr] If you want to try to generate the lock file without accessing the network, use the --offline flag.
[INFO] the lockfile is outdated, regenerating it
[INFO] running `Command { std: "/workspace/cargo-home/bin/cargo" "+72f88fc4e9458f89516a0b8b0868f3718aec5b47" "generate-lockfile" "--manifest-path" "Cargo.toml" "-Zno-index-update", kill_on_drop: false }`
[INFO] [stderr]     Updating git repository `https://github.com/mheistermann/glium`
[INFO] running `Command { std: "/workspace/cargo-home/bin/cargo" "+72f88fc4e9458f89516a0b8b0868f3718aec5b47" "fetch" "--locked" "--manifest-path" "Cargo.toml", kill_on_drop: false }`
[INFO] [stderr]     Blocking waiting for file lock on package cache
[INFO] [stderr]     Blocking waiting for file lock on package cache
[INFO] running `Command { std: "docker" "create" "-v" "/var/lib/crater-agent-workspace/builds/worker-4/target:/opt/rustwide/target:rw,Z" "-v" "/var/lib/crater-agent-workspace/builds/worker-4/source:/opt/rustwide/workdir:ro,Z" "-v" "/var/lib/crater-agent-workspace/cargo-home:/opt/rustwide/cargo-home:ro,Z" "-v" "/var/lib/crater-agent-workspace/rustup-home:/opt/rustwide/rustup-home:ro,Z" "-e" "SOURCE_DIR=/opt/rustwide/workdir" "-e" "CARGO_TARGET_DIR=/opt/rustwide/target" "-e" "CARGO_HOME=/opt/rustwide/cargo-home" "-e" "RUSTUP_HOME=/opt/rustwide/rustup-home" "-w" "/opt/rustwide/workdir" "-m" "1610612736" "--user" "0:0" "--network" "none" "rustops/crates-build-env@sha256:d92eaeed33fa75130ca1ee6c8a01d1ffb62bac859dfdfb3450e3e5d1c0146529" "/opt/rustwide/cargo-home/bin/cargo" "+72f88fc4e9458f89516a0b8b0868f3718aec5b47" "metadata" "--no-deps" "--format-version=1", kill_on_drop: false }`
[INFO] [stderr] WARNING: Your kernel does not support swap limit capabilities or the cgroup is not mounted. Memory limited without swap.
[INFO] [stdout] c5eb0c189838bfe606445bef11452ddfd86a037c701130cc1b360f98570c6003
[INFO] running `Command { std: "docker" "start" "-a" "c5eb0c189838bfe606445bef11452ddfd86a037c701130cc1b360f98570c6003", kill_on_drop: false }`
[INFO] running `Command { std: "docker" "inspect" "c5eb0c189838bfe606445bef11452ddfd86a037c701130cc1b360f98570c6003", kill_on_drop: false }`
[INFO] running `Command { std: "docker" "rm" "-f" "c5eb0c189838bfe606445bef11452ddfd86a037c701130cc1b360f98570c6003", kill_on_drop: false }`
[INFO] [stdout] c5eb0c189838bfe606445bef11452ddfd86a037c701130cc1b360f98570c6003
[INFO] running `Command { std: "docker" "create" "-v" "/var/lib/crater-agent-workspace/builds/worker-4/target:/opt/rustwide/target:rw,Z" "-v" "/var/lib/crater-agent-workspace/builds/worker-4/source:/opt/rustwide/workdir:ro,Z" "-v" "/var/lib/crater-agent-workspace/cargo-home:/opt/rustwide/cargo-home:ro,Z" "-v" "/var/lib/crater-agent-workspace/rustup-home:/opt/rustwide/rustup-home:ro,Z" "-e" "SOURCE_DIR=/opt/rustwide/workdir" "-e" "CARGO_TARGET_DIR=/opt/rustwide/target" "-e" "CARGO_INCREMENTAL=0" "-e" "RUST_BACKTRACE=full" "-e" "RUSTFLAGS=--cap-lints=forbid" "-e" "CARGO_HOME=/opt/rustwide/cargo-home" "-e" "RUSTUP_HOME=/opt/rustwide/rustup-home" "-w" "/opt/rustwide/workdir" "-m" "1610612736" "--user" "0:0" "--network" "none" "rustops/crates-build-env@sha256:d92eaeed33fa75130ca1ee6c8a01d1ffb62bac859dfdfb3450e3e5d1c0146529" "/opt/rustwide/cargo-home/bin/cargo" "+72f88fc4e9458f89516a0b8b0868f3718aec5b47" "check" "--frozen" "--all" "--all-targets" "--message-format=json", kill_on_drop: false }`
[INFO] [stdout] f5708d0e3b63a967207132545644b8e37213689310d2419715cd290caa800ecd
[INFO] [stderr] WARNING: Your kernel does not support swap limit capabilities or the cgroup is not mounted. Memory limited without swap.
[INFO] running `Command { std: "docker" "start" "-a" "f5708d0e3b63a967207132545644b8e37213689310d2419715cd290caa800ecd", kill_on_drop: false }`
[INFO] [stderr]    Compiling libc v0.2.77
[INFO] [stderr]    Compiling autocfg v1.0.1
[INFO] [stderr]    Compiling autocfg v0.1.7
[INFO] [stderr]    Compiling rand_core v0.4.2
[INFO] [stderr]     Checking cfg-if v0.1.10
[INFO] [stderr]    Compiling winapi-build v0.1.1
[INFO] [stderr]    Compiling cc v1.0.59
[INFO] [stderr]     Checking winapi v0.2.8
[INFO] [stderr]    Compiling log v0.4.11
[INFO] [stderr]     Checking lazy_static v1.4.0
[INFO] [stderr]    Compiling maybe-uninit v2.0.0
[INFO] [stderr]    Compiling pkg-config v0.3.18
[INFO] [stderr]    Compiling dtoa v0.4.6
[INFO] [stderr]    Compiling byteorder v1.3.4
[INFO] [stderr]    Compiling bitflags v0.7.0
[INFO] [stderr]     Checking lazy_static v0.2.11
[INFO] [stderr]     Checking scopeguard v1.1.0
[INFO] [stderr]    Compiling rayon-core v1.8.0
[INFO] [stderr]    Compiling proc-macro2 v1.0.21
[INFO] [stderr]    Compiling khronos_api v1.0.1
[INFO] [stderr]     Checking adler32 v1.2.0
[INFO] [stderr]    Compiling crc32fast v1.2.0
[INFO] [stderr]     Checking lazy_static v0.1.16
[INFO] [stderr]    Compiling unicode-xid v0.2.1
[INFO] [stderr]    Compiling syn v1.0.41
[INFO] [stderr]     Checking byteorder v0.5.3
[INFO] [stderr]     Checking crossbeam v0.2.12
[INFO] [stderr]     Checking either v1.6.0
[INFO] [stderr]    Compiling bitflags v1.2.1
[INFO] [stderr]     Checking bitflags v0.4.0
[INFO] [stderr]    Compiling backtrace v0.2.3
[INFO] [stderr]     Checking inflate v0.1.1
[INFO] [stderr]     Checking rustc-demangle v0.1.16
[INFO] [stderr]     Checking regex-syntax v0.3.9
[INFO] [stderr]     Checking podio v0.1.7
[INFO] [stderr]     Checking utf8-ranges v0.1.3
[INFO] [stderr]     Checking slab v0.1.3
[INFO] [stderr]     Checking glob v0.2.11
[INFO] [stderr]     Checking bytes v0.3.0
[INFO] [stderr]     Checking smallvec v0.1.8
[INFO] [stderr]     Checking bytemuck v1.4.1
[INFO] [stderr]    Compiling phf_shared v0.7.24
[INFO] [stderr]    Compiling xml-rs v0.3.6
[INFO] [stderr]    Compiling rand_core v0.3.1
[INFO] [stderr]    Compiling rand_jitter v0.1.4
[INFO] [stderr]    Compiling kernel32-sys v0.2.2
[INFO] [stderr]    Compiling dbghelp-sys v0.2.0
[INFO] [stderr]    Compiling ws2_32-sys v0.2.1
[INFO] [stderr]     Checking miniz_oxide v0.3.7
[INFO] [stderr]     Checking gif v0.9.2
[INFO] [stderr]    Compiling num-traits v0.2.12
[INFO] [stderr]    Compiling rand_pcg v0.1.2
[INFO] [stderr]    Compiling rand_chacha v0.1.1
[INFO] [stderr]    Compiling rand v0.6.5
[INFO] [stderr]    Compiling num-integer v0.1.43
[INFO] [stderr]    Compiling crossbeam-utils v0.7.2
[INFO] [stderr]    Compiling memoffset v0.5.5
[INFO] [stderr]    Compiling crossbeam-epoch v0.8.2
[INFO] [stderr]    Compiling num-iter v0.1.41
[INFO] [stderr]    Compiling rayon v1.4.0
[INFO] [stderr]    Compiling num-rational v0.3.0
[INFO] [stderr]    Compiling rand_isaac v0.1.1
[INFO] [stderr]    Compiling rand_hc v0.1.0
[INFO] [stderr]    Compiling rand_xorshift v0.1.1
[INFO] [stderr]    Compiling phf v0.7.24
[INFO] [stderr]    Compiling x11-dl v2.18.5
[INFO] [stderr]    Compiling wayland-scanner v0.5.11
[INFO] [stderr]    Compiling log v0.3.9
[INFO] [stderr]     Checking walkdir v0.1.8
[INFO] [stderr]     Checking deflate v0.8.6
[INFO] [stderr]     Checking tiff v0.5.0
[INFO] [stderr]    Compiling gl_generator v0.5.5
[INFO] [stderr]     Checking crossbeam-channel v0.4.4
[INFO] [stderr]    Compiling rand_os v0.1.3
[INFO] [stderr]     Checking rand v0.4.6
[INFO] [stderr]     Checking time v0.1.44
[INFO] [stderr]     Checking num_cpus v1.13.0
[INFO] [stderr]     Checking fs2 v0.2.5
[INFO] [stderr]     Checking shared_library v0.1.9
[INFO] [stderr]     Checking net2 v0.2.35
[INFO] [stderr]     Checking memchr v0.1.11
[INFO] [stderr]     Checking thread-id v2.0.0
[INFO] [stderr]     Checking nix v0.5.1
[INFO] [stderr]     Checking filetime v0.1.15
[INFO] [stderr]     Checking flate2 v1.0.14
[INFO] [stderr]     Checking inotify v0.2.3
[INFO] [stderr]    Compiling quote v1.0.7
[INFO] [stderr]     Checking png v0.16.7
[INFO] [stderr]     Checking crossbeam-deque v0.7.3
[INFO] [stderr]     Checking msdos_time v0.1.6
[INFO] [stderr]     Checking memmap v0.2.3
[INFO] [stderr]    Compiling miniz-sys v0.1.12
[INFO] [stderr]    Compiling bzip2-sys v0.1.9+1.0.8
[INFO] [stderr]    Compiling backtrace-sys v0.1.37
[INFO] [stderr]     Checking osmesa-sys v0.1.2
[INFO] [stderr]     Checking aho-corasick v0.5.3
[INFO] [stderr]     Checking thread_local v0.2.7
[INFO] [stderr]     Checking miow v0.1.5
[INFO] [stderr]     Checking num-complex v0.1.43
[INFO] [stderr]     Checking num-traits v0.1.43
[INFO] [stderr]    Compiling wayland-client v0.5.12
[INFO] [stderr]     Checking rand v0.3.23
[INFO] [stderr]     Checking enum_primitive v0.1.1
[INFO] [stderr]     Checking tempfile v2.2.0
[INFO] [stderr]     Checking num-bigint v0.1.44
[INFO] [stderr]     Checking regex v0.1.80
[INFO] [stderr]     Checking mio v0.5.1
[INFO] [stderr]    Compiling glutin v0.5.2
[INFO] [stderr]    Compiling glium v0.14.0 (https://github.com/mheistermann/glium#40bb82ad)
[INFO] [stderr]    Compiling serde_json v0.9.10
[INFO] [stderr]    Compiling phf_generator v0.7.24
[INFO] [stderr]     Checking notify v2.6.3
[INFO] [stderr]     Checking flate2 v0.2.20
[INFO] [stderr]    Compiling phf_codegen v0.7.24
[INFO] [stderr]     Checking bzip2 v0.3.3
[INFO] [stderr]    Compiling target_build_utils v0.3.1
[INFO] [stderr]     Checking num-rational v0.1.42
[INFO] [stderr]     Checking env_logger v0.3.5
[INFO] [stderr]     Checking png v0.5.2
[INFO] [stderr]     Checking zip v0.1.19
[INFO] [stderr]     Checking num v0.1.42
[INFO] [stderr]     Checking cgmath v0.9.1
[INFO] [stderr]     Checking jpeg-decoder v0.1.20
[INFO] [stderr]     Checking image v0.10.4
[INFO] [stderr]     Checking image v0.23.9
[INFO] [stderr]    Compiling thiserror-impl v1.0.20
[INFO] [stderr]     Checking lightfield_loader v0.3.0
[INFO] [stderr]     Checking thiserror v1.0.20
[INFO] [stderr]     Checking zip v0.5.8
[INFO] [stderr]    Compiling libloading v0.3.4
[INFO] [stderr]     Checking dlib v0.3.1
[INFO] [stderr]     Checking wayland-sys v0.5.11
[INFO] [stderr]     Checking wayland-window v0.2.3
[INFO] [stderr]     Checking wayland-kbd v0.3.6
[INFO] [stderr]     Checking lightfield_render v0.1.0 (/opt/rustwide/workdir)
[INFO] [stdout] warning: use of deprecated macro `try`: use the `?` operator instead
[INFO] [stdout]   --> src/reloading_program.rs:42:17
[INFO] [stdout]    |
[INFO] [stdout] 42 |     let mut f = try!(File::open(filename));
[INFO] [stdout]    |                 ^^^
[INFO] [stdout]    |
[INFO] [stdout]    = note: `#[warn(deprecated)]` on by default
[INFO] [stdout] 
[INFO] [stdout] 
[INFO] [stdout] warning: use of deprecated macro `try`: use the `?` operator instead
[INFO] [stdout]   --> src/reloading_program.rs:44:5
[INFO] [stdout]    |
[INFO] [stdout] 44 |     try!(f.read_to_string(&mut s));
[INFO] [stdout]    |     ^^^
[INFO] [stdout] 
[INFO] [stdout] 
[INFO] [stdout] warning: use of deprecated macro `try`: use the `?` operator instead
[INFO] [stdout]   --> src/reloading_program.rs:52:37
[INFO] [stdout]    |
[INFO] [stdout] 52 |         let vertex_shader: String = try!(slurp(self.vertex_shader_file));
[INFO] [stdout]    |                                     ^^^
[INFO] [stdout] 
[INFO] [stdout] 
[INFO] [stdout] warning: use of deprecated macro `try`: use the `?` operator instead
[INFO] [stdout]   --> src/reloading_program.rs:53:39
[INFO] [stdout]    |
[INFO] [stdout] 53 |         let fragment_shader: String = try!(slurp(self.fragment_shader_file));
[INFO] [stdout]    |                                       ^^^
[INFO] [stdout] 
[INFO] [stdout] 
[INFO] [stdout] warning: use of deprecated macro `try`: use the `?` operator instead
[INFO] [stdout]   --> src/reloading_program.rs:58:32
[INFO] [stdout]    |
[INFO] [stdout] 58 |                 geom_content = try!(slurp(filename));
[INFO] [stdout]    |                                ^^^
[INFO] [stdout] 
[INFO] [stdout] 
[INFO] [stdout] warning: use of deprecated macro `try`: use the `?` operator instead
[INFO] [stdout]   --> src/reloading_program.rs:63:19
[INFO] [stdout]    |
[INFO] [stdout] 63 |         return Ok(try!(prog));
[INFO] [stdout]    |                   ^^^
[INFO] [stdout] 
[INFO] [stdout] 
[INFO] [stdout] warning: unused import: `Vector3`
[INFO] [stdout]   --> src/main.rs:12:23
[INFO] [stdout]    |
[INFO] [stdout] 12 | use cgmath::{Vector2, Vector3, Vector4};
[INFO] [stdout]    |                       ^^^^^^^
[INFO] [stdout]    |
[INFO] [stdout]    = note: `#[warn(unused_imports)]` on by default
[INFO] [stdout] 
[INFO] [stdout] 
[INFO] [stdout] warning: unused import: `cgmath::Basis3`
[INFO] [stdout]   --> src/main.rs:13:5
[INFO] [stdout]    |
[INFO] [stdout] 13 | use cgmath::Basis3;
[INFO] [stdout]    |     ^^^^^^^^^^^^^^
[INFO] [stdout] 
[INFO] [stdout] 
[INFO] [stdout] warning: unused import: `Matrix`
[INFO] [stdout]   --> src/main.rs:14:14
[INFO] [stdout]    |
[INFO] [stdout] 14 | use cgmath::{Matrix, Matrix3, Matrix4, SquareMatrix};
[INFO] [stdout]    |              ^^^^^^
[INFO] [stdout] 
[INFO] [stdout] 
[INFO] [stdout] warning: unused import: `Rotation`
[INFO] [stdout]   --> src/main.rs:16:14
[INFO] [stdout]    |
[INFO] [stdout] 16 | use cgmath::{Rotation, Rotation3};
[INFO] [stdout]    |              ^^^^^^^^
[INFO] [stdout] 
[INFO] [stdout] 
[INFO] [stdout] warning: unused import: `LightfieldView`
[INFO] [stdout]  --> src/lightfield_texture.rs:8:37
[INFO] [stdout]   |
[INFO] [stdout] 8 | use lightfield_loader::{Lightfield, LightfieldView};
[INFO] [stdout]   |                                     ^^^^^^^^^^^^^^
[INFO] [stdout] 
[INFO] [stdout] 
[INFO] [stdout] warning: unused import: `GenericImage`
[INFO] [stdout]   --> src/lightfield_texture.rs:16:27
[INFO] [stdout]    |
[INFO] [stdout] 16 | use image::{DynamicImage, GenericImage};
[INFO] [stdout]    |                           ^^^^^^^^^^^^
[INFO] [stdout] 
[INFO] [stdout] 
[INFO] [stdout] warning: unused import: `std::path::Path`
[INFO] [stdout]  --> src/reloading_program.rs:6:5
[INFO] [stdout]   |
[INFO] [stdout] 6 | use std::path::Path;
[INFO] [stdout]   |     ^^^^^^^^^^^^^^^
[INFO] [stdout] 
[INFO] [stdout] 
[INFO] [stdout] warning: unused import: `ProgramCreationInput`
[INFO] [stdout]   --> src/reloading_program.rs:11:44
[INFO] [stdout]    |
[INFO] [stdout] 11 | use glium::program::{ProgramCreationError, ProgramCreationInput};
[INFO] [stdout]    |                                            ^^^^^^^^^^^^^^^^^^^^
[INFO] [stdout] 
[INFO] [stdout] 
[INFO] [stdout] warning: unused import: `notify`
[INFO] [stdout]   --> src/reloading_program.rs:14:5
[INFO] [stdout]    |
[INFO] [stdout] 14 | use notify;
[INFO] [stdout]    |     ^^^^^^
[INFO] [stdout] 
[INFO] [stdout] 
[INFO] [stdout] warning: unnecessary parentheses around function argument
[INFO] [stdout]    --> src/main.rs:135:40
[INFO] [stdout]     |
[INFO] [stdout] 135 |             let offset = Vector2::from((cursor_startpos - cursor_pos));
[INFO] [stdout]     |                                        ^^^^^^^^^^^^^^^^^^^^^^^^^^^^^^ help: remove these parentheses
[INFO] [stdout]     |
[INFO] [stdout]     = note: `#[warn(unused_parens)]` on by default
[INFO] [stdout] 
[INFO] [stdout] 
[INFO] [stdout] warning: use of deprecated macro `try`: use the `?` operator instead
[INFO] [stdout]   --> src/reloading_program.rs:42:17
[INFO] [stdout]    |
[INFO] [stdout] 42 |     let mut f = try!(File::open(filename));
[INFO] [stdout]    |                 ^^^
[INFO] [stdout]    |
[INFO] [stdout]    = note: `#[warn(deprecated)]` on by default
[INFO] [stdout] 
[INFO] [stdout] 
[INFO] [stdout] warning: use of deprecated macro `try`: use the `?` operator instead
[INFO] [stdout]   --> src/reloading_program.rs:44:5
[INFO] [stdout]    |
[INFO] [stdout] 44 |     try!(f.read_to_string(&mut s));
[INFO] [stdout]    |     ^^^
[INFO] [stdout] 
[INFO] [stdout] 
[INFO] [stdout] warning: use of deprecated macro `try`: use the `?` operator instead
[INFO] [stdout]   --> src/reloading_program.rs:52:37
[INFO] [stdout]    |
[INFO] [stdout] 52 |         let vertex_shader: String = try!(slurp(self.vertex_shader_file));
[INFO] [stdout]    |                                     ^^^
[INFO] [stdout] 
[INFO] [stdout] 
[INFO] [stdout] warning: use of deprecated macro `try`: use the `?` operator instead
[INFO] [stdout]   --> src/reloading_program.rs:53:39
[INFO] [stdout]    |
[INFO] [stdout] 53 |         let fragment_shader: String = try!(slurp(self.fragment_shader_file));
[INFO] [stdout]    |                                       ^^^
[INFO] [stdout] 
[INFO] [stdout] 
[INFO] [stdout] warning: use of deprecated macro `try`: use the `?` operator instead
[INFO] [stdout]   --> src/reloading_program.rs:58:32
[INFO] [stdout]    |
[INFO] [stdout] 58 |                 geom_content = try!(slurp(filename));
[INFO] [stdout]    |                                ^^^
[INFO] [stdout] 
[INFO] [stdout] 
[INFO] [stdout] warning: use of deprecated macro `try`: use the `?` operator instead
[INFO] [stdout]   --> src/reloading_program.rs:63:19
[INFO] [stdout]    |
[INFO] [stdout] 63 |         return Ok(try!(prog));
[INFO] [stdout]    |                   ^^^
[INFO] [stdout] 
[INFO] [stdout] 
[INFO] [stdout] warning: unused import: `Vector3`
[INFO] [stdout]   --> src/main.rs:12:23
[INFO] [stdout]    |
[INFO] [stdout] 12 | use cgmath::{Vector2, Vector3, Vector4};
[INFO] [stdout]    |                       ^^^^^^^
[INFO] [stdout]    |
[INFO] [stdout]    = note: `#[warn(unused_imports)]` on by default
[INFO] [stdout] 
[INFO] [stdout] 
[INFO] [stdout] warning: unused import: `cgmath::Basis3`
[INFO] [stdout]   --> src/main.rs:13:5
[INFO] [stdout]    |
[INFO] [stdout] 13 | use cgmath::Basis3;
[INFO] [stdout]    |     ^^^^^^^^^^^^^^
[INFO] [stdout] 
[INFO] [stdout] 
[INFO] [stdout] warning: unused import: `Matrix`
[INFO] [stdout]   --> src/main.rs:14:14
[INFO] [stdout]    |
[INFO] [stdout] 14 | use cgmath::{Matrix, Matrix3, Matrix4, SquareMatrix};
[INFO] [stdout]    |              ^^^^^^
[INFO] [stdout] 
[INFO] [stdout] 
[INFO] [stdout] warning: unused import: `Rotation`
[INFO] [stdout]   --> src/main.rs:16:14
[INFO] [stdout]    |
[INFO] [stdout] 16 | use cgmath::{Rotation, Rotation3};
[INFO] [stdout]    |              ^^^^^^^^
[INFO] [stdout] 
[INFO] [stdout] 
[INFO] [stdout] warning: unused import: `LightfieldView`
[INFO] [stdout]  --> src/lightfield_texture.rs:8:37
[INFO] [stdout]   |
[INFO] [stdout] 8 | use lightfield_loader::{Lightfield, LightfieldView};
[INFO] [stdout]   |                                     ^^^^^^^^^^^^^^
[INFO] [stdout] 
[INFO] [stdout] 
[INFO] [stdout] warning: unused import: `GenericImage`
[INFO] [stdout]   --> src/lightfield_texture.rs:16:27
[INFO] [stdout]    |
[INFO] [stdout] 16 | use image::{DynamicImage, GenericImage};
[INFO] [stdout]    |                           ^^^^^^^^^^^^
[INFO] [stdout] 
[INFO] [stdout] 
[INFO] [stdout] warning: unused import: `std::path::Path`
[INFO] [stdout]  --> src/reloading_program.rs:6:5
[INFO] [stdout]   |
[INFO] [stdout] 6 | use std::path::Path;
[INFO] [stdout]   |     ^^^^^^^^^^^^^^^
[INFO] [stdout] 
[INFO] [stdout] 
[INFO] [stdout] warning: unused import: `ProgramCreationInput`
[INFO] [stdout]   --> src/reloading_program.rs:11:44
[INFO] [stdout]    |
[INFO] [stdout] 11 | use glium::program::{ProgramCreationError, ProgramCreationInput};
[INFO] [stdout]    |                                            ^^^^^^^^^^^^^^^^^^^^
[INFO] [stdout] 
[INFO] [stdout] 
[INFO] [stdout] warning: unused import: `notify`
[INFO] [stdout]   --> src/reloading_program.rs:14:5
[INFO] [stdout]    |
[INFO] [stdout] 14 | use notify;
[INFO] [stdout]    |     ^^^^^^
[INFO] [stdout] 
[INFO] [stdout] 
[INFO] [stdout] warning: unnecessary parentheses around function argument
[INFO] [stdout]    --> src/main.rs:135:40
[INFO] [stdout]     |
[INFO] [stdout] 135 |             let offset = Vector2::from((cursor_startpos - cursor_pos));
[INFO] [stdout]     |                                        ^^^^^^^^^^^^^^^^^^^^^^^^^^^^^^ help: remove these parentheses
[INFO] [stdout]     |
[INFO] [stdout]     = note: `#[warn(unused_parens)]` on by default
[INFO] [stdout] 
[INFO] [stdout] 
[INFO] [stdout] error[E0599]: no method named `width` found for reference `&image::dynimage::DynamicImage` in the current scope
[INFO] [stdout]   --> src/lightfield_texture.rs:29:26
[INFO] [stdout]    |
[INFO] [stdout] 29 |         let width = img0.width();
[INFO] [stdout]    |                          ^^^^^ method not found in `&image::dynimage::DynamicImage`
[INFO] [stdout]    |
[INFO] [stdout]    = help: items from traits can only be used if the trait is in scope
[INFO] [stdout]    = note: the following trait is implemented but not in scope; perhaps add a `use` for it:
[INFO] [stdout]            `use image::image::GenericImage;`
[INFO] [stdout] 
[INFO] [stdout] 
[INFO] [stdout] error[E0599]: no method named `height` found for reference `&image::dynimage::DynamicImage` in the current scope
[INFO] [stdout]   --> src/lightfield_texture.rs:30:27
[INFO] [stdout]    |
[INFO] [stdout] 30 |         let height = img0.height();
[INFO] [stdout]    |                           ^^^^^^ method not found in `&image::dynimage::DynamicImage`
[INFO] [stdout]    |
[INFO] [stdout]    = help: items from traits can only be used if the trait is in scope
[INFO] [stdout]    = note: the following trait is implemented but not in scope; perhaps add a `use` for it:
[INFO] [stdout]            `use image::image::GenericImage;`
[INFO] [stdout] 
[INFO] [stdout] 
[INFO] [stdout] error[E0599]: no method named `width` found for reference `&image::dynimage::DynamicImage` in the current scope
[INFO] [stdout]   --> src/lightfield_texture.rs:43:27
[INFO] [stdout]    |
[INFO] [stdout] 43 |             assert!(image.width() == width);
[INFO] [stdout]    |                           ^^^^^ method not found in `&image::dynimage::DynamicImage`
[INFO] [stdout]    |
[INFO] [stdout]    = help: items from traits can only be used if the trait is in scope
[INFO] [stdout]    = note: the following trait is implemented but not in scope; perhaps add a `use` for it:
[INFO] [stdout]            `use image::image::GenericImage;`
[INFO] [stdout] 
[INFO] [stdout] 
[INFO] [stdout] error[E0599]: no method named `height` found for reference `&image::dynimage::DynamicImage` in the current scope
[INFO] [stdout]   --> src/lightfield_texture.rs:44:27
[INFO] [stdout]    |
[INFO] [stdout] 44 |             assert!(image.height() == height);
[INFO] [stdout]    |                           ^^^^^^ method not found in `&image::dynimage::DynamicImage`
[INFO] [stdout]    |
[INFO] [stdout]    = help: items from traits can only be used if the trait is in scope
[INFO] [stdout]    = note: the following trait is implemented but not in scope; perhaps add a `use` for it:
[INFO] [stdout]            `use image::image::GenericImage;`
[INFO] [stdout] 
[INFO] [stdout] 
[INFO] [stdout] error[E0308]: mismatched types
[INFO] [stdout]   --> src/lightfield_texture.rs:46:18
[INFO] [stdout]    |
[INFO] [stdout] 45 |             match image {
[INFO] [stdout]    |                   ----- this expression has type `&image::dynimage::DynamicImage`
[INFO] [stdout] 46 |                 &DynamicImage::ImageRgb8(_) => {}
[INFO] [stdout]    |                  ^^^^^^^^^^^^^^^^^^^^^^^^^^ expected enum `image::dynimage::DynamicImage`, found enum `DynamicImage`
[INFO] [stdout]    |
[INFO] [stdout]    = note: perhaps two different versions of crate `image` are being used?
[INFO] [stdout] 
[INFO] [stdout] 
[INFO] [stdout] warning: unused import: `Rotation3`
[INFO] [stdout]   --> src/main.rs:16:24
[INFO] [stdout]    |
[INFO] [stdout] 16 | use cgmath::{Rotation, Rotation3};
[INFO] [stdout]    |                        ^^^^^^^^^
[INFO] [stdout] 
[INFO] [stdout] 
[INFO] [stdout] error: aborting due to 5 previous errors; 17 warnings emitted
[INFO] [stdout] 
[INFO] [stdout] 
[INFO] [stdout] Some errors have detailed explanations: E0308, E0599.
[INFO] [stdout] 
[INFO] [stdout] For more information about an error, try `rustc --explain E0308`.
[INFO] [stdout] 
[INFO] [stderr] error: could not compile `lightfield_render`.
[INFO] [stderr] 
[INFO] [stderr] To learn more, run the command again with --verbose.
[INFO] [stderr] warning: build failed, waiting for other jobs to finish...
[INFO] [stdout] error[E0599]: no method named `width` found for reference `&image::dynimage::DynamicImage` in the current scope
[INFO] [stdout]   --> src/lightfield_texture.rs:29:26
[INFO] [stdout]    |
[INFO] [stdout] 29 |         let width = img0.width();
[INFO] [stdout]    |                          ^^^^^ method not found in `&image::dynimage::DynamicImage`
[INFO] [stdout]    |
[INFO] [stdout]    = help: items from traits can only be used if the trait is in scope
[INFO] [stdout]    = note: the following trait is implemented but not in scope; perhaps add a `use` for it:
[INFO] [stdout]            `use image::image::GenericImage;`
[INFO] [stdout] 
[INFO] [stdout] 
[INFO] [stdout] error[E0599]: no method named `height` found for reference `&image::dynimage::DynamicImage` in the current scope
[INFO] [stdout]   --> src/lightfield_texture.rs:30:27
[INFO] [stdout]    |
[INFO] [stdout] 30 |         let height = img0.height();
[INFO] [stdout]    |                           ^^^^^^ method not found in `&image::dynimage::DynamicImage`
[INFO] [stdout]    |
[INFO] [stdout]    = help: items from traits can only be used if the trait is in scope
[INFO] [stdout]    = note: the following trait is implemented but not in scope; perhaps add a `use` for it:
[INFO] [stdout]            `use image::image::GenericImage;`
[INFO] [stdout] 
[INFO] [stdout] 
[INFO] [stdout] error[E0599]: no method named `width` found for reference `&image::dynimage::DynamicImage` in the current scope
[INFO] [stdout]   --> src/lightfield_texture.rs:43:27
[INFO] [stdout]    |
[INFO] [stdout] 43 |             assert!(image.width() == width);
[INFO] [stdout]    |                           ^^^^^ method not found in `&image::dynimage::DynamicImage`
[INFO] [stdout]    |
[INFO] [stdout]    = help: items from traits can only be used if the trait is in scope
[INFO] [stdout]    = note: the following trait is implemented but not in scope; perhaps add a `use` for it:
[INFO] [stdout]            `use image::image::GenericImage;`
[INFO] [stdout] 
[INFO] [stdout] 
[INFO] [stdout] error[E0599]: no method named `height` found for reference `&image::dynimage::DynamicImage` in the current scope
[INFO] [stdout]   --> src/lightfield_texture.rs:44:27
[INFO] [stdout]    |
[INFO] [stdout] 44 |             assert!(image.height() == height);
[INFO] [stdout]    |                           ^^^^^^ method not found in `&image::dynimage::DynamicImage`
[INFO] [stdout]    |
[INFO] [stdout]    = help: items from traits can only be used if the trait is in scope
[INFO] [stdout]    = note: the following trait is implemented but not in scope; perhaps add a `use` for it:
[INFO] [stdout]            `use image::image::GenericImage;`
[INFO] [stdout] 
[INFO] [stdout] 
[INFO] [stdout] error[E0308]: mismatched types
[INFO] [stdout]   --> src/lightfield_texture.rs:46:18
[INFO] [stdout]    |
[INFO] [stdout] 45 |             match image {
[INFO] [stdout]    |                   ----- this expression has type `&image::dynimage::DynamicImage`
[INFO] [stdout] 46 |                 &DynamicImage::ImageRgb8(_) => {}
[INFO] [stdout]    |                  ^^^^^^^^^^^^^^^^^^^^^^^^^^ expected enum `image::dynimage::DynamicImage`, found enum `DynamicImage`
[INFO] [stdout]    |
[INFO] [stdout]    = note: perhaps two different versions of crate `image` are being used?
[INFO] [stdout] 
[INFO] [stdout] 
[INFO] [stdout] warning: unused import: `Rotation3`
[INFO] [stdout]   --> src/main.rs:16:24
[INFO] [stdout]    |
[INFO] [stdout] 16 | use cgmath::{Rotation, Rotation3};
[INFO] [stdout]    |                        ^^^^^^^^^
[INFO] [stdout] 
[INFO] [stdout] 
[INFO] [stdout] error: aborting due to 5 previous errors; 17 warnings emitted
[INFO] [stdout] 
[INFO] [stdout] 
[INFO] [stdout] Some errors have detailed explanations: E0308, E0599.
[INFO] [stdout] 
[INFO] [stdout] For more information about an error, try `rustc --explain E0308`.
[INFO] [stdout] 
[INFO] [stderr] error: build failed
[INFO] running `Command { std: "docker" "inspect" "f5708d0e3b63a967207132545644b8e37213689310d2419715cd290caa800ecd", kill_on_drop: false }`
[INFO] running `Command { std: "docker" "rm" "-f" "f5708d0e3b63a967207132545644b8e37213689310d2419715cd290caa800ecd", kill_on_drop: false }`
[INFO] [stdout] f5708d0e3b63a967207132545644b8e37213689310d2419715cd290caa800ecd
